 0/(0 + -3 + 2). Suppose q - 2 - 10 = b. Suppose p = u + 32, -4*u - 64 = -2*p - 4. Calculate the remainder when p is divided by q.
10
Suppose 5*g - 2*n - 611 = 0, n + 119 = g - n. Calculate the remainder when g is divided by 31.
30
Let d be 158/5 - (-4)/10. Suppose 4*f = 6*f - d. Let u = 33 - f. What is the remainder when 49 is divided by u?
15
Let m = 21 + -14. Suppose -i + m = -18. What is the remainder when i is divided by 13?
12
Let k = -5 + 8. Suppose -k*w + 34 = -32. Suppose -4*s + 44 = s - g, 0 = 3*s - 5*g - w. What is the remainder when 26 is divided by s?
8
Let r(j) be the second derivative of -j**3/6 + 5*j**2/2 + j. Suppose -3*t - 49 = -124. Calculate the remainder when t is divided by r(-4).
7
Let y(x) = x**2 + 3*x - 2. Let m be y(-5). Suppose m = -2*s - 2*n - 2*n, -s - 5*n = 19. What is the remainder when s is divided by 2?
0
Let t(x) = -x - 13. Let w be t(0). What is the remainder when 9/(-9)*w*1 is divided by 8?
5
Let v be ((8 - -2)*-1)/(-2). Calculate the remainder when ((-165)/v)/((-1)/1) is divided by 9.
6
Suppose h + h = 62. Let d = h + -14. Let f = 5 - -1. Calculate the remainder when d is divided by f.
5
Let a = 309 + -212. Let j = a + -61. Calculate the remainder when j is divided by 13.
10
Suppose -89 = 5*q + 156. Let p = -33 - q. What is the remainder when 46 is divided by p?
14
Let o(b) = 4*b - 13. Let x be o(9). Let z = 28 - x. What is the remainder when (3*5 + -2)*1 is divided by z?
3
Suppose -28 - 14 = 3*h. What is the remainder when (4 - 7)*h/6 is divided by 4?
3
Let a(g) = g**3 - g. Let s be a(2). Let t(n) = -n**3 + 8*n**2 - 10*n - 6. What is the remainder when t(s) is divided by (4 + 0)*3/4?
0
Suppose -3*z = 4*x + 46, 0 = z + 2*x + x + 12. Let s = 52 + z. Calculate the remainder when s is divided by 12.
10
Suppose -2*p - p = -15. Let j be 1/2 + (-14)/(-4). Suppose p*a + 124 = 3*v, j*a = -v + a + 32. What is the remainder when v is divided by 13?
12
Suppose -2*k + 212 = 3*o, 0*k + 20 = 5*k. Suppose u = -4*j + o, -4*u - 7*j = -3*j - 224. Calculate the remainder when u is divided by 18.
16
Suppose -280 = 2*d - 6*d. Suppose 0 = -b - b + 36. Calculate the remainder when d is divided by b.
16
Suppose 111 = 5*l + 3*n - 2*n, 3*l + n = 65. Suppose -l = 3*f + 4. Let b(v) = -v**3 - 7*v**2 + 14*v + 6. Calculate the remainder when b(f) is divided by 22.
20
Let v = -7 + 14. What is the remainder when v is divided by 3?
1
Let w = 8 - 2. Let m(s) = -s + 9. Calculate the remainder when 10 is divided by m(w).
1
Suppose -4*q + 5*m + 45 = 0, 25 = 3*q - 4*m - 10. Let x(l) = -l**3 - 4*l**2 + l - 2. Calculate the remainder when x(-5) is divided by q.
3
Let c(n) be the second derivative of 5*n**4/6 - n**3/3 - n**2/2 + n. Let l = 3 + -4. Calculate the remainder when 32 is divided by c(l).
10
Suppose 2*q + b - 14 = -0*q, 0 = -3*q + 5*b - 5. Suppose 4*r - 3*g - 24 = 0, -q*r + 3*r + 2 = -4*g. What is the remainder when 16 is divided by r?
7
Let c = 127 + -89. Let z be (-56)/(-6) - (-3)/(-9). Let f = 22 - z. What is the remainder when c is divided by f?
12
Let f = -4 - -6. Calculate the remainder when ((-1)/4 + -1)*-4 is divided by 4 - f/4*2.
2
Suppose -z - 68 = -86. Calculate the remainder when 33 is divided by z.
15
Let w = 12 - 10. Suppose 4*j = -5*q + 103, -3*j + w*j + 57 = -5*q. What is the remainder when j is divided by 11?
10
Suppose 31 - 236 = 5*v - 5*r, 4 = 2*r. Let s = -12 - v. Calculate the remainder when s is divided by 7.
6
Suppose 0 = -5*w - 2*c + 28, 2*w - 3*c = w - 8. Suppose -x = -3, w*x = 4*h + 3*x - 97. Calculate the remainder when (0 + -2 - -3)*h is divided by 14.
11
Suppose -5*m = -2*m - 5*h, 0 = -h + 3. Calculate the remainder when m is divided by 4.
1
Let a(v) = 10*v - 4. Let r be a(5). Let i = 74 - 70. Suppose i*q - 58 = r. Calculate the remainder when q is divided by 14.
12
Suppose -2*d - 3*i + 292 - 17 = 0, -3*d + 4*i = -455. Suppose n - d = -4*n. What is the remainder when n is divided by 10?
9
Let n(l) = -l + 15. Let v = -24 - -24. Calculate the remainder when 59 is divided by n(v).
14
Suppose 0 = 2*d - 2*c - 36, 0 = 4*d - 8*c + 3*c - 71. What is the remainder when 34 is divided by d?
15
Calculate the remainder when 13/3*3*1 is divided by 7.
6
Suppose 2*k - p = 89, k - 9 = -2*p + 33. Calculate the remainder when 131 is divided by k.
43
Suppose 4 = f + 4*b - 7*b, 2*f - b - 18 = 0. Calculate the remainder when 37 is divided by f.
7
Suppose -3*h + 0*h = -48. Let v(u) = -u**2 + 30. Calculate the remainder when v(0) is divided by h.
14
Let a be 22*1*2/(-4). Let h = a - -34. Calculate the remainder when 18 is divided by h/2 - 3/2.
8
Suppose -21 = -r - 4. Calculate the remainder when 48 is divided by r.
14
Suppose 10 = 5*j - 10. Suppose 5*x = 3*x + j*q + 50, 0 = 3*x - 5*q - 80. Calculate the remainder when x is divided by 12.
11
Let n = 9 - -25. Let s = 69 - n. What is the remainder when 68 is divided by s?
33
Suppose 3*v = u - 6*u + 58, 3*v + 41 = 4*u. Let c(n) = -n**2 - n. Let r be c(2). Let k = r + 10. Calculate the remainder when u is divided by k.
3
Suppose x - 8 = 5*h + 27, 3*h + 2*x = -21. Let d(g) = g + 9. Suppose 2*b = -5*p - 2*b + 26, -5*p - 2 = -3*b. What is the remainder when p is divided by d(h)?
0
Let f(w) = 79*w**2 - 13*w - 9. Let s(m) = -20*m**2 + 3*m + 2. Let p(o) = -2*f(o) - 9*s(o). Calculate the remainder when p(-1) is divided by 8.
7
Let q = 183 - 106. Calculate the remainder when q is divided by 20.
17
Suppose 4*j + 200 = -0*j. Let a = j + 88. Calculate the remainder when a is divided by 14.
10
Suppose -l = 4*i - 2, -5*l + 3*i = 7*i - 10. What is the remainder when l is divided by 2?
0
Suppose -6*m + 7*m - 38 = 0. Calculate the remainder when 189 is divided by m.
37
Let c = 6 - 4. Suppose -c*b + 12 = -8. What is the remainder when 18 - (-1 + (1 - 0)) is divided by b?
8
Let q be -2 - (-6 + (0 - -1)). Let j(g) = 6 - g**q + 5*g**2 - 3*g + 0*g**2 + 4*g. What is the remainder when j(5) is divided by 4?
3
Calculate the remainder when 6/4 + 301/14 is divided by 9.
5
Suppose 3*j - 3*b + b = -30, -15 = 5*b. Calculate the remainder when 47 is divided by -1 + (j/(-4) - -14).
15
Suppose -4*k - 3*s = k + 44, 0 = 4*s - 8. Let x = -6 - -4. Let q = x - k. Calculate the remainder when q is divided by 5.
3
Let m = 25 + 21. Let q = -65 + 77. What is the remainder when m is divided by q?
10
Let t be 3/2*(-24)/(-9). Suppose 0 = -3*j - 4*x + 16, 5*j - t*j - 9 = -5*x. What is the remainder when 10 is divided by j?
2
Let a = 3 - -12. Let c(n) = n**3 + 6*n**2 - 16*n + 11. Calculate the remainder when c(-7) is divided by a.
14
Let p = 51 - 27. What is the remainder when p is divided by (26/4)/(1/2)?
11
Suppose 3*k - 4 = 50. Let w(b) = -25*b + 3. Calculate the remainder when w(-2) is divided by k.
17
Let m(g) = g**2 - 7*g + 1. Suppose -2*t + 0*t = 2*n - 120, 40 = n - 3*t. What is the remainder when n is divided by m(9)?
17
Calculate the remainder when 14 is divided by (-3)/((-3)/7) + (-1 - -3).
5
Suppose -2*s - 6 - 7 = -3*n, -4*s = -16. What is the remainder when 54 is divided by n?
5
Let n(a) be the second derivative of -a**4/12 - 7*a**3/6 - 2*a**2 - 3*a. What is the remainder when 22 is divided by n(-4)?
6
Suppose -3*f - 16 = -3*j - 2*j, 0 = -4*f - 8. Calculate the remainder when 2*2/(-8)*(0 + -4) is divided by j.
0
Suppose -5*l - 10 = 0, -5*l = -5*k - 274 + 44. Let b = -9 - k. What is the remainder when b is divided by 21?
18
Suppose 3 = -b - 0, -2*b - 14 = -4*r. Let n(s) = -s - 19. Let q be n(-10). Calculate the remainder when 160/9 - r/q is divided by 10.
8
Suppose 2*p = p - 4, -2*w = -2*p - 138. What is the remainder when w is divided by 22?
21
Let h(z) = -z**3 + 3*z**2 + 2*z - 1. What is the remainder when 32 is divided by h(2)?
4
Calculate the remainder when 82 is divided by 12 + ((-7)/28 - 27/(-12)).
12
Suppose -2*h + 152 = -4*z, 0 = -4*z - 3*h - 2*h - 152. Let n = -25 - z. Calculate the remainder when 38 is divided by n.
12
Let q = 28 + -10. Calculate the remainder when q is divided by 5.
3
Let z = 38 - 26. Suppose -5*g - 2 = -z. Let p = 4 + 1. Calculate the remainder when p is divided by g.
1
Let a(y) = y + 9. Suppose -4*m - u = -12, 2*u = -3*m + 6*u - 10. Calculate the remainder when a(-4) is divided by m.
1
Suppose 4*m - 33 - 75 = 0. What is the remainder when 52 is divided by m?
25
Let g be (2 - 1 - 6)/1. Let